3. Suppose 3 = 4*j + 2*x - 7, -h*x + 20 = -5*j. Let g(p) = p**3 + 7. Calculate g(j).
7
Let m(u) be the third derivative of -u**4/6 + 2*u**2. Let l(w) be the third derivative of w**5/60 - w**4/24 + w**3/6 + 18*w**2. Let n be l(1). Determine m(n).
-4
Let u(q) = -3*q + 7. Let a(n) be the first derivative of -4*n - 2 + n**2 + 1 - n - 2*n. Let g(h) = 5*a(h) + 4*u(h). Give g(-5).
3
Let n(b) = -b**3 - b**2 - 1. Let m(w) = 2*w**3 - 8*w**2 - 2*w + 3. Let p(f) = m(f) + 4*n(f). Give p(-6).
11
Let b(k) = -k - 11. Let c = -133 - -124. Give b(c).
-2
Let v(k) = -880*k**2 + 889*k**2 + k**3 - 5*k - 1 + 4*k. What is v(-9)?
8
Let l(c) = 8. Let z(b) = b + 16. Let q(g) = 5*l(g) - 3*z(g). Let m be 2/(8/6)*-4. Determine q(m).
10
Suppose -4*f + 4 = 4*y, 9*f - y + 9 = 14*f. Let j(c) = -c**3 + c**2 - 4*c + 6. Determine j(f).
-6
Let c = -140 - -152. Let m(v) = v**3 - 11*v**2 - 12*v + 4. Determine m(c).
4
Let z be (8/(-36))/((-3)/27). Suppose z*f = -3*b + 7*b - 44, 3*f = 12. Suppose -1 + b = 4*g. Let w(o) = o**3 - 2*o**2 - 3*o + 4. Determine w(g).
4
Let o(h) be the third derivative of h**6/120 - 2*h**5/15 + h**4/24 - 11*h**3/6 + 14*h**2. Let q be o(8). Let n(d) = 5*d + 4. Calculate n(q).
-11
Let w(y) = -3 - 5*y**2 - y**3 + 4*y + 3*y**2 + 2*y**2 + y**2. Let l be w(2). Suppose 2*i - 5 + l = 0. Let z(t) = 3*t**2 - 3*t + 1. Determine z(i).
7
Let r(p) = 8*p**3 - 1. Let o(n) = -2*n**2 - 10*n - 46. Let t be o(-8). Let j = 93 + t. Calculate r(j).
-9
Let d(z) = z + 3. Let f(k) = 9*k + 42. Let b(v) = -12*d(v) + f(v). What is b(2)?
0
Let a(t) be the second derivative of 0 - 3/2*t**2 + 1/3*t**3 - 18*t. Suppose -2*h - 2*n + 14 = 0, 0*h - 4*n = 3*h - 24. Determine a(h).
5
Let v(u) = -2*u + 2. Let x be v(-3). Let c = x + -4. Let h be -1 - ((-4)/c)/1. Let i(z) = -z**3 - z**2 + z + 7. Calculate i(h).
7
Let r(j) be the third derivative of -j**4/12 - j**3/2 + 8*j**2. Let h be r(1). Let d(f) = -f**2 - 5*f + 2. Calculate d(h).
2
Let g(h) be the third derivative of -1/60*h**5 - 1/3*h**3 - 13*h**2 - 3/8*h**4 + 0*h + 0. Give g(-8).
6
Let w(o) = -o**2 + 7*o + 12. Let f be w(9). Let t = f - -9. Let u(x) = 7 - 6 - 2*x + 6*x - 2*x**2. Give u(t).
-5
Let p(c) = -94*c**2 + 95*c**2 - 2*c + 12 - c**3 - 40. Determine p(0).
-28
Let i(a) = 2*a - 5. Suppose 0 = -5*s + 4*s + 26. Let d = -23 + s. Suppose 2*o - 23 = -3*b + 4, d*b = 4*o - 9. Calculate i(o).
7
Let f(z) = 9*z**3 - 2*z**2 + 1. Let p = 479 - 478. Determine f(p).
8
Let j(t) be the third derivative of -t**5/20 - t**4/24 - 23*t**3/3 - 2*t**2 + 6*t. Let w(u) be the first derivative of j(u). Determine w(-1).
5
Let t(j) be the first derivative of -7*j - 2 - 1/2*j**2 - 2*j**3 - 1/4*j**4. Suppose 16 = -4*f, -4*f = 5*v + 45 + 1. What is t(v)?
-1
Suppose -3*r + 0*r = -4*f - 8, 0 = -3*r + 5*f + 10. Let b(x) = -2 + x**2 + x**3 + 3*x**2 + r*x + 4*x - 5*x. Determine b(-4).
2
Let s(g) = 5*g + 22. Let m be 2/(-6) + (-91)/(-39) + -6. Give s(m).
2
Let q = -10 - -6. Let n be -2*(q/8 - 0). Let v(t) = 15*t - n + 1 - 16*t. What is v(-2)?
2
Let w(l) = 29 - 2*l + 17 - 48. Let m = 56 + -60. Give w(m).
6
Let j(l) = -l**3 - 4*l**2 + 6*l - 4. Let q(d) be the second derivative of d**5/20 - 5*d**4/12 - 7*d**3/6 + d**2/2 + 26*d. Let a be q(6). Determine j(a).
-9
Let x(n) be the second derivative of -3/2*n**3 - 47*n - 3/2*n**2 + 0. Suppose -4*o + 2*o - 2 = -l, -5*o - 10 = 0. Calculate x(l).
15
Let m(a) = -a - 2. Suppose 44*n - 115*n = 213. Determine m(n).
1
Let w(v) = 14*v**3 + 26*v**2 + 9*v - 4. Let r(c) = -27*c**3 - 46*c**2 - 16*c + 7. Let g(d) = -4*r(d) - 7*w(d). Let z = 1 + -2. Determine g(z).
-9
Let s(o) = -3*o**2 - 1 + 7 - 6 + 3 + 2*o**2. Give s(-4).
-13
Let w(z) = -8*z**2 + z + 1. Let y be w(-1). Let h(i) be the third derivative of -i**5/60 - i**4/3 - i**3/3 - 27*i**2. What is h(y)?
-2
Let g(k) = 7*k**2 - k + 2. Suppose 41*z = -5*z + 46. Determine g(z).
8
Let g(v) = v**3 - 13*v**2 - 39*v + 136. Let a be g(15). Let j(m) = -m**3 + m - 1. Determine j(a).
-1
Let n(o) = -o - 1. Suppose 0 = 4*j + s + 145, 0 = -2*s - 0 - 2. Suppose 4*i + i - 205 = 0. Let r = i + j. Give n(r).
-6
Let m(i) = -4*i**3 + 4*i**2 - 7*i - 9. Let f(j) = -7*j**3 + 9*j**2 - 13*j - 17. Let o(h) = 3*f(h) - 5*m(h). What is o(6)?
6
Let b(n) be the first derivative of -n**4/12 - 7*n**3/6 - 3*n**2 + 25*n - 4. Let h(q) be the first derivative of b(q). Determine h(-4).
6
Let b(z) = z**2 - 8*z + 7. Let n = 18 + -11. Calculate b(n).
0
Suppose -2*v - r = -33, 4*r - 75 = -4*v - r. Let g = -3 + v. Suppose 2*q + 4 = g. Let j(d) = -2*d + 1. What is j(q)?
-7
Let t(q) = -q**3 + 2*q**2 + 4*q + 1. Let p = -29 - -53. Suppose 0*r = -3*r + 3*a + p, 4*a = -5*r + 4. Give t(r).
-15
Let f(m) be the first derivative of m**2/2 + 10*m + 26. Give f(-8).
2
Let r(w) = -12*w + 20. Let a(l) = 7*l - 11. Let k(h) = -7*a(h) - 4*r(h). Suppose 3*z = 8*z - 25. What is k(z)?
-8
Let d be -8 + -9 - (0 - (2 + 3)). Let i(j) = -j**3 - 12*j**2 - j + 3. What is i(d)?
15
Let m(d) = d. Let q(a) = a + 1. Let y(w) = -3*m(w) + 2*q(w). Let t = -1 - 4. Let x(p) = p**3 + 4*p**2 - 3*p + 10. Let j be x(t). What is y(j)?
2
Let b(a) = -2 + 5*a - 31*a + 17*a. Give b(2).
-20
Let y(q) = 2*q**3 + q**2 - 2*q + 1. Let u be 4/2 - 0/(-2 - -5). Give y(u).
17
Let l = 21 - 22. Let s = l + -1. Let h(d) = d**3 + 3*d**2 + 4*d + 2. Give h(s).
-2
Suppose 220*s = 218*s + 2. Let a(j) = -10*j**3 - j**2. What is a(s)?
-11
Let r(d) = d**2 + d - 7. Let k be (0 - 0)/(-4 + 6). Calculate r(k).
-7
Let a be 4/2*(-2)/(-4). Let p(b) = b**2 - 7*b. Let y(u) = 4*u + 2. Let o(d) = -d - 1. Let x(t) = -3*o(t) - y(t). Let k(z) = a*p(z) - x(z). Determine k(6).
-1
Let h(k) = -6*k**2 - 2*k - 5. Let u(r) = -r**2 - r - 1. Let o(b) = -h(b) + 5*u(b). Let w be o(4). Suppose x - w = 2*x. Let n(z) = -z**3 - 4*z**2. What is n(x)?
0
Let u(p) = -10*p + 34. Let b(c) = 15*c - 54. Let y(d) = -5*b(d) - 8*u(d). Let w = -15 + 11. Calculate y(w).
-22
Let d(x) be the second derivative of x**6/180 + x**5/24 + x**4/12 - x**3/2 - 10*x. Let k(c) be the second derivative of d(c). Calculate k(-3).
5
Suppose -78*p = -79*p + 2. Let z(s) = 1109*s - 2 - 1109*s + s**3 + s**p. Determine z(2).
10
Let l(g) = -g + 4 - 8 + 4 + 1. Determine l(1).
0
Let j(p) = p + 8. Let n(k) = 2*k - 2. Let w = 13 - 14. Let b be n(w). Let s be j(b). Let i(v) = v**3 - 3*v**2 - 7*v + 6. What is i(s)?
-6
Let q(t) = -7*t + 0*t + 0 - 1 - t**3 + 8*t**2. Let m = 92 + -55. Suppose 4*x = -x + 2*f + m, 0 = -4*x - 4*f + 24. Give q(x).
-1
Let k be (-11)/2 - 2/4. Let h(p) be the second derivative of -p**3/3 - 3*p**2 - 42*p. Calculate h(k).
6
Let w be 2/5 - ((-39)/15 - -9). Let r(f) = 3*f + 4. Calculate r(w).
-14
Let t(b) = 13*b**2 - 33*b - 10. Let c(d) = -7*d**2 + 17*d + 6. Let h(j) = -11*c(j) - 6*t(j). Give h(6).
24
Let y(z) = z**3 - 11*z**2 - 13*z + 18. Suppose -2*w - 5*h + 53 = 2*w, -4*h + 40 = 3*w. Let i be y(w). Let u be (2/5)/(i/(-15)). Let s(g) = -g**2. Give s(u).
-1
Let p(a) be the second derivative of 21*a + 1/3*a**3 + 0 - 6*a**2. Calculate p(10).
8
Let r be (12/(-10))/((-5)/(-25)). Let h = r + 10. Let y(t) = 5 - 1 - t - h + t**2 - 1. Calculate y(3).
5
Suppose -14 = -5*j + 7*j. Let f(h) be the third derivative of h**5/60 + 7*h**4/24 + 2*h**3/3 - 16*h**2. Calculate f(j).
4
Let k be (-3)/(-6)*(26 + 0). Let o(q) = q**2 + 24 - 15 - k. Let i be (-2)/9 + (-4)/(-18). Calculate o(i).
-4
Let a(r) be the first derivative of -5*r**2/2 - 8. Let t(j) = j. Let m(p) = -a(p) - 6*t(p). Let b be m(1). Let x(h) = -h**2 - h + 1. Calculate x(b).
1
Let z be (-6)/(90/(-129)) + 27/(-45). Let v(s) = -s**3 + 8*s**2 - s - 15. Determine v(z).
-23
Let i(p) = -8*p. Let w be i(-7). Let s = 55 - w. Let l(t) = 5*t + 0 - 2*t - 1. Give l(s).
-4
Let l(x) = 2*x**2 + 16*x + 12. Let v = -174 + 164. Determine l(v).
52
Let a(t) = -t**3 - 5*t**2 + 5*t - 4. Let s = 1029 + -1035. What is a(s)?
2
Let w(v) = -v**2 + 3. Let p be (-14)/(-98) + (60/(-21))/(-1). Determine w(p).
-6
Let p(u) = u**2 + 7*u + 6. Let b be p(-6). Let k(q) = b - 2*q**2 + 3*q**2 + 1 + 0*q**2. Suppose 5*n - 2*m = 2*m - 3, -n - 3*m - 12 = 0. Give k(n).
10
Let n(v) = v**2 - 3*v - 10. Let q be n(5). Let c be 1 - 3/15*q. Let b(m) = -7*m**3 - 2*m + 1. Calculate b(c).
-8
Suppose 163*v - 161*v - 7 = 5*f, 0 = -5*f - 2*v - 23. Let c(i) = -2*i**3 - i - 1. Give c(f).
56
Let p(y) = y**3 + 16*y**2 - 34*y + 20. Let l be p(-18). Let j = l + 8. L